1029?
41
What is the highest common divisor of 1974 and 705?
141
Calculate the greatest common divisor of 252 and 3360.
84
Calculate the greatest common divisor of 41 and 3.
1
What is the greatest common divisor of 228 and 60?
12
What is the highest common factor of 3525 and 3000?
75
What is the highest common divisor of 3630 and 120?
30
What is the greatest common divisor of 403 and 65?
13
Calculate the greatest common divisor of 10 and 30.
10
What is the greatest common factor of 40060 and 20?
20
What is the highest common divisor of 121 and 7381?
121
What is the greatest common factor of 100 and 320?
20
Calculate the greatest common factor of 206 and 15450.
206
What is the highest common divisor of 75 and 1575?
75
What is the greatest common factor of 9 and 1503?
9
Calculate the greatest common factor of 6 and 102.
6
Calculate the highest common divisor of 16 and 10448.
16
What is the greatest common factor of 1614 and 24?
6
What is the highest common factor of 54 and 810?
54
Calculate the greatest common factor of 1978 and 368.
46
Calculate the highest common divisor of 15 and 140.
5
Calculate the greatest common factor of 182 and 11921.
91
What is the greatest common divisor of 75 and 3?
3
What is the highest common factor of 55 and 8195?
55
Calculate the highest common factor of 969 and 833.
17
Calculate the greatest common divisor of 64 and 8.
8
Calculate the greatest common factor of 205 and 5.
5
What is the highest common divisor of 470 and 329?
47
What is the highest common factor of 8 and 5576?
8
Calculate the greatest common divisor of 444 and 2849.
37
What is the highest common factor of 2424 and 72?
24
Calculate the greatest common divisor of 750 and 15.
15
Calculate the highest common divisor of 3 and 519.
3
Calculate the greatest common divisor of 34 and 527.
17
What is the highest common factor of 432 and 576?
144
What is the greatest common factor of 40 and 8?
8
Calculate the highest common divisor of 483 and 105.
21
What is the greatest common divisor of 98 and 3969?
49
What is the highest common divisor of 343 and 1?
1
What is the greatest common divisor of 26 and 13546?
26
Calculate the greatest common divisor of 57 and 285.
57
Calculate the greatest common divisor of 1189 and 164.
41
What is the greatest common factor of 221 and 26?
13
What is the highest common factor of 484 and 88?
44
Calculate the greatest common factor of 55 and 55.
55
What is the greatest common divisor of 296 and 8?
8
Calculate the greatest common factor of 24 and 200.
8
Calculate the greatest common divisor of 656 and 16.
16
Calculate the greatest common divisor of 756 and 672.
84
What is the greatest common divisor of 3157 and 82?
41
Calculate the greatest common factor of 352 and 22.
22
What is the highest common factor of 168 and 14?
14
Calculate the highest common factor of 161 and 217.
7
Calculate the highest common divisor of 471 and 157.
157
Calculate the greatest common factor of 10 and 102.
2
What is the highest common factor of 126 and 441?
63
What is the greatest common divisor of 56 and 40?
8
What is the greatest common factor of 801 and 623?
89
Calculate the greatest common factor of 1254 and 88.
22
Calculate the highest common divisor of 72 and 16.
8
What is the greatest common divisor of 207 and 117?
9
Calculate the greatest common factor of 161 and 184.
23
Calculate the greatest common divisor of 13 and 24349.
13
What is the greatest common divisor of 11 and 297?
11
Calculate the greatest common factor of 39 and 52.
13
What is the highest common divisor of 156 and 52?
52
Calculate the greatest common divisor of 13303 and 106.
53
Calculate the greatest common factor of 1110 and 3219.
111
Calculate the greatest common divisor of 100 and 350.
50
Calculate the greatest common factor of 574 and 369.
41
Calculate the highest common factor of 2183 and 295.
59
What is the greatest common factor of 30 and 1750?
10
Calculate the greatest common factor of 18 and 66.
6
What is the greatest common factor of 77 and 427?
7
Calculate the highest common divisor of 405 and 270.
135
What is the greatest common factor of 8 and 28?
4
What is the highest common divisor of 170 and 18530?
170
Calculate the greatest common divisor of 2744 and 224.
56
What is the greatest common divisor of 550 and 100?
50
Calculate the greatest common divisor of 62 and 1984.
62
What is the greatest common factor of 550 and 850?
50
What is the highest common divisor of 22 and 1683?
11
Calculate the greatest common divisor of 48 and 3904.
16
Calculate the greatest common divisor of 75 and 3.
3
Calculate the greatest common factor of 1508 and 13.
13
Calculate the highest common divisor of 507 and 2197.
169
What is the greatest common divisor of 1024 and 1?
1
Calculate the greatest common divisor of 713 and 279.
31
What is the greatest common divisor of 264 and 8?
8
Calculate the greatest common divisor of 5772 and 6.
6
Calculate the greatest common factor of 96 and 648.
24
Calculate the greatest common factor of 4829 and 11.
11
Calculate the greatest common factor of 54 and 459.
27
Calculate the highest common divisor of 244 and 305.
61
What is the greatest common factor of 85 and 2125?
85
What is the highest common divisor of 321 and 7169?
107
What is the greatest common divisor of 11 and 539?
11
Calculate the greatest common factor of 301 and 129.
43
What is the highest common factor of 8 and 2888?
8
What is the greatest common factor of 26 and 25454?
26
What is the greatest common factor of 34 and 544?
34
What is the greatest common factor of 54 and 2133?
27
What is the highest common factor of 203 and 29?
29
Calculate the greatest common divisor of 9 and 1413.
9
Calculate the greatest common factor of 125 and 425.
25
Calculate the highest common factor of 34 and 646.
34
What is the highest common divisor of 376 and 72?
8
Calculate the greatest common factor of 123 and 287.
41
What is the greatest common divisor of 2354 and 88?
22
Calculate the greatest common divisor of 189 and 108.
27
What is the highest common divisor of 1980 and 80?
20
What is the greatest common factor of 138 and 1334?
46
What is the greatest common divisor of 187 and 51?
17
What is the greatest common factor of 45 and 63?
9
Calculate the highest common factor of 893 and 19.
19
What is the greatest common factor of 6613 and 17?
17
What is the greatest common factor of 12 and 1986?
6
What is the greatest common factor of 169 and 5408?
169
Calculate the highest common divisor of 425 and 34.
17
What is the greatest common factor of 2200 and 20?
20
Calculate the greatest common divisor of 32 and 7328.
32
What is the greatest common divisor of 32 and 6?
2
Calculate the highest common divisor of 216 and 168.
24
What is the greatest common divisor of 240 and 22000?
80
Calculate the highest common factor of 780 and 2300.
20
What is the greatest common factor of 9 and 171?
9
What is the greatest common factor of 91 and 21?
7
Calculate the greatest common factor of 119 and 63.
7
Calculate the greatest common divisor of 184 and 8.
8
Calculate the highest common factor of 102 and 561.
51
What is the highest common divisor of 12 and 444?
12
What is the greatest common factor of 9 and 387?
9
What is the highest common divisor of 638 and 1334?
58
Calculate the greatest common divisor of 147 and 539.
49
Calculate the highest common divisor of 3476 and 484.
44
What is the greatest common factor of 200 and 18100?
100
Calculate the highest common factor of 198 and 110.
22
Calculate the greatest common factor of 172 and 946.
86
Calculate the greatest common factor of 150 and 10.
10
Calculate the greatest common divisor of 240 and 20.
20
Calculate the highest common factor of 5 and 185.
5
What is the greatest common factor of 47355 and 210?
105
What is the highest common factor of 1550 and 2?
2
Calculate the highest common divisor of 189 and 864.
27
Calculate the highest common factor of 16325 and 25.
25
Calculate the highest common divisor of 399 and 525.
21
What is the highest common divisor of 64 and 2?
2
Calculate the greatest common divisor of 616 and 140.
28
Calculate the highest common factor of 97 and 776.
97
Calculate the greatest common divisor of 12 and 324.
12
Calculate the highest common factor of 27 and 3